 + 8)
23
Evaluate 17 + (0 - (-2 + 12)) + (-9 - -1) + 55.
54
What is (-29 - ((-2 - 24 - -3) + 108 + -99)) + 139?
124
Evaluate 58 + (-4 - (-33 - -77)).
10
What is the value of -11 + -35 + (0 - (11 + -23 + 6))?
-40
-17 - 31 - -34 - -18
4
Evaluate 62 - (-36 + (-9 - -47) + -7).
67
What is (10 - -1) + (-8 + (-12 - -7) - -13) - -45?
56
Evaluate (-21 - (-18 + -48 - 2)) + -15.
32
Evaluate 1 - (-26 - ((18 - 22) + 4)).
27
What is the value of 7 + -43 + 76 - 29?
11
Calculate (-6 - 38) + (-18 - (18 + -11) - -10).
-59
What is the value of (-8 - -38) + 10 + -32 + 14?
22
Evaluate -7 - ((104 - 31) + -30).
-50
What is the value of -9 + 4 + 0 + 0 + -74 - (-5 + -3)?
-71
(-54 - -45 - (5 + -4 + 1)) + -4
-15
Calculate 38 - (0 + 0) - (19 + (49 - 24) - 39).
33
(-4 - 11) + (-32 + (-25 - -92) - -15)
35
(1 - -7) + (-1981 - -1975)
2
What is the value of (35 - 21) + 31 - 40?
5
Evaluate -10 - (-20 - 19) - 22.
7
What is (5 - 12) + 10 - -4 - (13 + -7 + -7)?
8
What is the value of (-1 - 1) + -23 + -183 + -103 + 271?
-40
Calculate -42 - (-26 + 38 - 74).
20
What is (67 - 78) + 5 + 3 + 2 - 29?
-30
What is the value of 1 + -8 + 3 + 76 + 98 + -103?
67
What is the value of 68 - ((139 - 77) + -45)?
51
What is -93 + (15 - (-23 + -3))?
-52
Calculate 55 + (8 - -44) + -144.
-37
Evaluate (-17 - ((6 - 7) + -7)) + 6 + 4 - -48.
49
Calculate 8510 + -8491 + (1 - 0 - -23).
43
What is -27 + (12 - (-16 + 16)) + 42?
27
What is -40 - (-19 - (3 - (12 + (5 + -7 - 1))))?
-27
Calculate 7 - (-3 + -2 + 2) - (123 - (8 + 148)).
43
What is the value of -33 - ((-5 - (6 - 16)) + 2 - 4)?
-36
Evaluate -84 - (-51 + -156 + 31).
92
Calculate (2 - (8 - 6)) + (30 + -4 - -17).
43
45 + -24 + 1 + 3 + 8
33
(-44 - -3) + 1673 + -1650
-18
Evaluate 35 - ((26 - (8 + 8)) + (9 - 4) + -4).
24
Calculate 1 + -1 + (27 - 1) - (107909 + -107895).
12
What is the value of -16 + (-45 + -14 - -40)?
-35
What is (-20 - 19 - -22) + 13 - -84?
80
Calculate (-17 - (-12 - -9) - 0) + -67 + 79.
-2
Calculate -2254 + 2273 + (-103 - 1) - -39.
-46
Evaluate -521 - -506 - ((0 - 6) + 0) - -3.
-6
What is -21 - (-1 + 2 + 2) - (10556 - 10641)?
61
What is -268 + 284 - (98 + 2 - (22 - 23))?
-85
What is (-34 - (42 + -29 - 7)) + -29?
-69
Evaluate (59 - -73) + -136 + (38 - 1).
33
(110 + -86 - -2) + 77 + 0
103
Evaluate -98 + 47 - (-6 + -1).
-44
-11 - (-13 + (-7 + 6 - -10)) - (-22 + 7)
8
-90 + 119 + -69 + -30
-70
Calculate (1 - 38) + 2 - (-428 + 281).
112
What is the value of 60 + -179 + 210 - (0 + 25)?
66
Calculate (-7 - -87) + (31 - 46 - 3).
62
What is the value of (46 - 163) + -15 + 46 + -6?
-92
What is the value of -42 + (-14 - 5) + 14 + 18 + -4?
-33
What is the value of -1 + -44 + -82 + (24 - -75)?
-28
Calculate 1 + (-24 - (-23 + -15)).
15
-48 + ((7 - -9) + -2 - 9) + (-3 - 3)
-49
What is 114 - (-2 + 28 - (263 + -219))?
132
Calculate 15 - (45 + -30 - 6) - (-8 + 1).
13
What is -216 + 213 + 1 + -114 + -4 - 7?
-127
Evaluate (-228 - -383) + -135 - (1 + 8).
11
Calculate 8 + 34 + -53 + 53 - (1 + 4).
37
Evaluate -1 + (-11 - (-11 + -1)).
0
30 - 22 - (6 - 39)
41
What is the value of 7 + -7 + (0 - 7) + (1 - -56) - 1?
49
99 + -115 + 6 + 10 + 0
0
What is (0 - -4) + 369 + -407?
-34
Calculate 11 + 85 + -144 + 113.
65
Calculate (-98 - (-64 - -51)) + (8 + 1 - 2).
-78
Calculate 165 + 12 + (-75 + 47 - 7).
142
Calculate (491 - 441) + (7 - (44 - 4)).
17
Evaluate 36 + -79 + 44 - (-5 + (-3 - -13) - 22).
18
Evaluate (-87 - -149) + (8 + -1 + -5 - -5).
69
What is -29 - (-51 + 24 + -29 + 31)?
-4
Calculate -45 - (-219 - -123) - -7.
58
Calculate 39 + (-34 - (5 + -5)).
5
What is 166 - (112 - -117) - (14 + 2)?
-79
What is the value of 58 - 7 - 59 - (-9 - 0) - -10?
11
Evaluate -35 + -46 - -23 - -36.
-22
(-9 - (-1 - 1) - 5) + 46 + 1
35
What is the value of 8 - -24 - (-137 + 166)?
3
What is the value of (-1 - 14) + ((0 - -15) + -14 + 6 - 5)?
-13
Evaluate (22 - 26) + -45 - (-7 - 2).
-40
21 + 13 + 2 + (5 - 1 - (15 - -2))
23
What is the value of (8 - (21 + 20)) + 13 - 22?
-42
What is (-7 - (9 - 45)) + 0?
29
Calculate 10 + -11 + -6 - (1 - (2 + 0) - 7).
1
Evaluate -3 - 7 - (19 + (-4 - 60)).
35
Calculate -1268 + 1325 - (79 + 9).
-31
-11 + 94 + -34 + -1 + -18
30
What is the value of -6 + (17 - (28 + -12) - (-89 + -1))?
85
What is -173 + -4 + 37 + -17 + 30?
-127
Calculate -1 - (-5 + -30) - (-105 + 129) - (40 - -1).
-31
Evaluate -6 - (8 - 5) - (9 - (41 - 6)).
17
What is 19 + 0 + -20 - (-28 - 3 - -2)?
28
Calculate (60 - (-21 + 76)) + 0.
5
Evaluate (-6 - -142) + -242 + 33.
-73
Evaluate -17 + (8 - ((-14 - -21) + -14) - 2).
-4
What is the value of -108 - (-42 - (-19 + -6 + (-21 - -23)))?
-89
What is 0 + (-21 - -4 - (-57 - 14)) - 17?
37
Calculate -21 + 19 + 11 + (-25 - -109).
93
Calculate -16 - -33 - ((11 - -6) + -11).
11
What is the value of (-65 + 47 + -5 + 13 - 46) + -3 + 0?
-59
What is 20 + (19 - (37 - 3)) - (-1 - 39)?
45
Evaluate -22 - 4 - (2 + -22 + 7 + 27).
-40
What is 27 - -32 - (-8 + -3 - -8)?
62
What is the value of (2645 - 2658) + (-27 - -1)?
-39
What is (-25 + (11 - 10) - -49) + (13 - -2)?
40
What is the value of (4 - (55 + -2)) + -46 + 5 + 39?
-51
What is -8 - (-17 + 35) - 16?
-42
Calculate -21 - (74 + -82 - (110 - (-4 + 8))).
93
What is 11 - ((5 - 2) + (1 + 91 - -3)) - 7?
-94
Calculate (0 - -156) + -162 + (243 - 114).
123
Calculate 3 - (10 - (-1 - -5)) - (14 + 12 + -15).
-14
Evaluate (26 - 13) + -12 + 9 + (-1 + 6 - -44).
59
Evaluate (-84 - -1 - (1102 + -1186)) + 0 + (1 - 21).
-19
What is -189 + 109 + -12 + 20 + -37?
-109
1 - 0 - (51 - 53)
3
What is (15 - (-6 - (9 - (13 - -3)))) + 24?
38
Evaluate -7 + (21 - 9) + 12 + -83.
-66
Calculate 24 + (2 + 6 - 5) + -22.
5
What is the value of (-4 - 5) + 0 - (-20 + 2) - 9 - -21?
21
Evaluate 0 + 2 + -76 - (-16 - 25 - -45).
-78
Evaluate -10 - ((-2 - (-10 - -9)) + 9 + -2).
-16
Calculate 32 + (-15 - 12) - -24.
29
Evaluate (8 - (-3 - (-5 + 2 - 2))) + 35.
41
What is (169 - 134 - (-1 + 20)) + -51?
-35
What is the value of 19 + (-16 - (53 + 0 + (7 - 21)))?
-36
What is the value of -150 - -188 - (5 - (70 - 0))?
103
Calculate (11 - 4) + (4 - -5) + -17 + 43 + 24.
66
What is the value of 14 - (-8 + 39 - 63)?
46
Calculate 25 - (-31 + 48 + -3).
11
2 + 4 - (-71 + -1 + 1) - -5 - 1
81
What is (9 - 16) + ((-92 - 14) + 8 + -1 - -4)?
-102
What is 15 + -91 - (-234 + 183)?
-25
Evaluate 2 - -55 - (29 - (54 - 44)).
38
What is the value of -48 - ((1350 - 1310) + -52 + 0 - (0 + -20))?
-56
What is (-18 - (134 - 135)) + 1 + -24?
-40
What is the value of 2 + -35 + 2 + (3 - (1 - (2 - -3)))?
-24
(-83 - (6 + -10)) + (20 - 39) + 28
-70
What is -72 + (0 + -34 - (-415 - -389))?
-80
Calculate (22 + -70 - -35) + (-37 - -1).
-49
68 + -314 + 209 + (0 - -50)
13
Evaluate 0 + -43 + (-251 - -265 - (14 - 0)).
-43
What is the value of 9 + -58 + -342 + 341?
-50
Calculate 5 + -23 + (-23 - -48).
7
Calculate (-3823 - -3845) + (-3 - (12 - -3 - 4)).
8
(-8 - 3) + -20 + (0 - 55) + 22
-64
Calculate 2355 - 2392 - (0 - (4 + -1 + -1 + -6)).
-41
What is the value of (-132 - -107) + -8 + -2 + 94?
59
Evaluate (16 - -6) + (33 - (39 - 23)).
39
Calculate 57 + 4 + 24 + 23 + -36.
72
85 + (20 - (64 + -72))
113
(-119 - 1) + (-14 - -122)
-12
What is 13 + (-21 - -9) + 4 + -2 + -41?
-38
Evaluate 94 + -108 + -85 + 12.
-87
Calculate -10 + -3 + (9 - -16 - 21).
-9
What is 91 - (-147 + 70 - -116)?
52
What is (-22 - (-12 + -25)) + -10 - -1?
6
-328 + 277 + -1 + -9 + -4
-65
What is the value of 4 + (-1 - (-1 + 7)) - (-6 - (48 + 4))?
55
Evaluate 11 - (-3 - (-4 + 0)) - (22 - -20).
-32
What is 10 + -40 + -18 - (-2 + 5)?
-51
Calculate 1 - 10 - (-3 - (-10 - -21) - -43).
-38
What is (3 - -1) + (-66 + 30 - 5)?
-37
5 - (-28 + 20) - (59 + (1 - 2))
-45
Calculate -38 + (4 + -5 + -3 - -15).
-27
62 + -75 + 54 + -63
-22
(1 - (2 + -4)) + (47 + 37 - 75)
12
Evaluate (-112 - -147) + -40 + -2 + 55.
48
What is the value of -6 - 52 - (11 + -3 + (-1 - -4) + -19)?
-50
Calculate 30 + 0 + (2710 - 2680).
60
Evaluate (-8 + 7 - 47) + -739 + 722.
-65
What is (-12 - (40 + -10)) + 62 + -61?
-41
Evaluate 131 + -13 - ((-28 + 15 - 2 - -19) + -6).
120
Calculate 11 - (-1 + 11 - (32 + -51 + 21)).
3
Evaluate 9 + -4 + 27 + (16 - 5 - (3 + 21)).
19
Evaluate 11 + -52 + -32 + -31.
-104
Calculate 13 - (-84 - (-12 - (3 + 14))).
68
(-9 - (-26 - -7)) + -17 - (4 + -1)
-10
What is the value of -9 + (-4 - -2) - (-59 - (-38 + 13) - -85)?
-62
What is the value of -70 + 71 + (